9 + (-14 - 12) - -9)?
21
Evaluate -9 - -2 - (-22 - (-19 - 6)).
-10
What is the value of (-46 - -51) + -6 + -1 + 5 - -13?
16
What is the value of (-22 - -1) + -3 + 8 + 2?
-14
What is (-1 - 6) + 19 + -18 + 8?
2
Calculate -1 + 1 + 2 + -8 + 3 + 7.
4
What is the value of -57 - -28 - (2 - 7)?
-24
Evaluate 41 - 33 - 2 - 23.
-17
What is the value of 17 + -34 + (-18 - -10)?
-25
Calculate -19 + 11 + (-5 - -11) + -11.
-13
Calculate 0 + 5 + (-17 - -22).
10
-19 - (0 - (2 - -9))
-8
Evaluate 26 + -15 + (28 - 24).
15
8 - ((5 - 10) + 4) - (9 - 0)
0
Calculate (-22 - ((9 + -7 - -3) + -7)) + 2.
-18
Evaluate -1 + (-1 - -8) + 16 + -22.
0
-27 + -6 + (21 - -4) + -13
-21
(7 - (12 - 4)) + 11 + -16
-6
What is the value of (-24 - 14) + 18 - -10 - (17 + 1)?
-28
Calculate (14 + 4 - 43) + 48.
23
Evaluate -9 - (-15 + 20 - (10 + -6 + 43)).
33
Evaluate (-6 - (11 - 6 - 15)) + (1 - -1).
6
What is 3 + (1 + 10 - 2) - (-2 + 1)?
13
Evaluate (-65 + 79 - (-3 + 20)) + -1 + -3.
-7
Evaluate 5 + 2 + (5 + -11 - -5).
6
Calculate (-1 - -3) + -1 - (-17 + -2 - -5).
15
Calculate 9 - (9 - (7 + -10)) - -28.
25
(-10 - -28) + -24 - 0
-6
What is the value of 8 + -8 + 9 - -6 - 2?
13
What is the value of 6 + -4 + -15 - -26?
13
-5 - (3 + -8 - (-16 - -2) - -1)
-15
43 + 2 + (-8 - 25)
12
Evaluate 27 + (17 - 12 - 10 - -4) + 2.
28
-2 - 8 - (-3 + 1)
-8
What is 4 + 0 + (7 + 12 - 13)?
10
Evaluate -30 - (-23 - (-12 - -15)).
-4
Evaluate -9 - (3 + (9 + -11 - 1)).
-9
-20 - (-10 - (-2 - -25))
13
What is the value of -1 + 13 + (-23 - -2) + 1 + 4?
-4
Evaluate 9 - (28 + -21 + -3).
5
Evaluate 8 + (-20 - -1) + (-5 - (0 - 13)).
-3
What is -12 - (-12 - (1 + -7)) - -3?
-3
Evaluate 112 - 128 - (-14 - -1).
-3
Calculate 12 - (-12 - -24) - (1 + -22 + -1).
22
What is the value of (-2 - 6) + -16 + 21 + 12?
9
What is 1 + -4 - (-1 + 10 - (-24 + 32))?
-4
What is the value of -285 + 271 - (2 + (0 - 28))?
12
Evaluate -6 + 12 + -2 + (4 - 29).
-21
-8 + (-8 - 1) + (-27 - (-2 - 14))
-28
What is (6 + -7 - 2) + -1 + 5 - -3?
4
Evaluate 0 - -8 - (-18 - (-74 + 7 + 13)).
-28
Calculate 6 - (24 - (-5 + 4 + 9)) - 0.
-10
-5 - (-3 + 5 + -2) - (1 + -1)
-5
(3 - 14) + 1 - -12
2
Evaluate 19 - (2 - (-1 + 3)) - (-2073 + 2078).
14
Evaluate -6 + (-3 - -17) - (-11 - 0).
19
What is the value of -43 - ((-7 - -40) + -45)?
-31
What is the value of 1 + 0 - -12 - (5 + 13)?
-5
-1 + -9 + -6 + 9 + (0 - -5)
-2
Evaluate 25 + -49 + -1 - -21.
-4
5 + -10 + 3 - (4 + -11 + 11)
-6
What is -51 + (-13 - -23) + 17 - -1?
-23
-1 - 50 - (13 + 14 + -43)
-35
What is 25 - (132 + -118 - (10 + 1))?
22
What is 6 - (-1 - (-3 - 5))?
-1
What is the value of 9 + (-2 - -7 - (7 - 6))?
13
1 + -8 + -64 + 55
-16
Calculate -5 + 5 + -8 + 6 + 22 + -3.
17
-2 + (-39 - 0) + 2 - (-347 + 341)
-33
13 + -5 + 6 + -4 + -2
8
What is -38 + (56 - -12 - 15)?
15
44 - 43 - (-4 - -4)
1
(2 - 2) + 0 + (8 - (-1 + 7))
2
What is the value of 11 - (6 + (-17 - (9 - 18) - -3))?
10
Evaluate 1 - 4 - (10 + -3 + -19 + -3).
12
Calculate (68 + -25 - 39) + (1 - 7).
-2
What is the value of -8 + (13 - (17 + -3))?
-9
Evaluate -2 - -1 - (102 + -98) - (2 + 3).
-10
What is the value of 24 + -4 + -6 + (20 - 22)?
12
What is the value of (14 + -31 - (-6 + -2)) + 1 + -3?
-11
-8 - (8 - (-15 - -28) - 4)
1
What is 8 + -4 + 1 + -12 + 9 - -21?
23
What is the value of (2 + -3 - -12) + -6 + -11 - -17?
11
What is -983 - -972 - (4 - 0)?
-15
Evaluate -1 + -13 - (-5 - 12).
3
(2 - (-7 - -18)) + -2 + -2 - 1
-14
-2 + -13 - (-452 - -418)
19
Evaluate -7 + -4 + -1 - -20.
8
What is the value of -74 - -47 - (-16 + -2)?
-9
What is (923 - 898) + (1 - 7)?
19
What is (17 - 16) + 1 + (-9 - -4) + -2?
-5
What is the value of -4 + 41 + 256 + -278?
15
What is the value of 19 - 2 - (-37 + 61)?
-7
What is (-3 - -1 - -40) + -5 + -6?
27
What is -12 - -8 - (38 - 55)?
13
Calculate -15 + 22 - (-3 + -4).
14
What is the value of -2 + 10 + -1 + 67 + -62?
12
What is the value of -41 + -123 + 170 - (5 + (1 - 1))?
1
-1 - -14 - (242 + -224)
-5
What is the value of (-86 - -72) + -19 + 4 + 2?
-27
Evaluate -57 + 15 + -10 + 25.
-27
Evaluate -4 - (0 - 9 - 0 - (2 + -8)).
-1
Evaluate 91 + -142 + 57 + (28 - 1) + 2.
35
Evaluate -27 - (-24 - (-11 - -27)).
13
What is -8 + -3 - 4 - (2 + 4 - 9)?
-12
0 + -24 - ((-30 - -29 - -5) + 4)
-32
Evaluate -2 + 8 + (-6 - 3 - -3 - -12).
12
What is the value of 66 + (-63 - -32) - (14 + 0)?
21
Evaluate 8 - (45 + -17 + (1 - 0)).
-21
What is the value of 12 + -23 + -2 + 10?
-3
What is the value of 1 + -3 + 7 - (-30 + 14)?
21
1474 - 1507 - (-1 + 2 - (-4 + 11))
-27
What is the value of (-11 - (-1 + (-5 - 2))) + -4?
-7
-216 - -224 - (25 - 1)
-16
(-21 - (8 + -11)) + 18
0
-104 - -107 - ((-4 - (0 - -3)) + -2)
12
What is 20 + -6 + -10 - (4 - 0)?
0
What is -14 + 2 - -3 - (-24 + 18)?
-3
Evaluate -10 + (3 - (-17 - -15)).
-5
What is (-3 - (-1 - 0)) + (31 - 27)?
2
Evaluate -7 - ((-7 + 22 + -5 - 3) + -1).
-13
What is the value of (12 - (-3 + 32)) + -3?
-20
Calculate -790 + 776 - (1 - 3 - -16).
-28
Evaluate 98 + -51 + (-24 - -3).
26
Calculate -2 + 16 + 1 + -9 + 5 + -4.
7
(52 - 13) + -54 + -10
-25
Calculate -7 + (-11 - (-6 - (-5 + 5))).
-12
Calculate 14 - (16 + (-9 - (2 - 2))).
7
Evaluate (-17 - -17) + (-8 - (-2 - -3 - 0)).
-9
Calculate 6 + -2 + -19 + 9 + -2.
-8
What is (-28 - -9) + 37 + -2?
16
Calculate -8 - 1 - (3 + 12 + (-21 - -6)).
-9
Calculate 172 + -159 - (0 - -20).
-7
Evaluate 594 + -602 + (1 - -16 - 2).
7
Evaluate (25 - 21) + -20 + -2 + 0 + -7.
-25
Evaluate -68 - -57 - (1 + -8) - (-10 + -10).
16
Calculate 9 + -5 + (-6 - -23 - 8).
13
What is the value of (118 - 19) + -123 - (7 + 0 + 0)?
-31
What is the value of -13 - ((-2 - 7) + 5)?
-9
What is -17 - (-50 - (-24 + 19))?
28
Calculate -13 - -7 - (-10 - (-3 - -3)).
4
What is 4 - -29 - (-13 - -21)?
25
What is 1 - 33 - (25 + -30) - -4?
-23
-12 - ((0 - -13) + -12)
-13
(15 - 2) + (4 - (8 + -7))
16
Evaluate -13 - (6 + (-3 - 2) + -3).
-11
What is the value of -9 - (1 + 6 + (-5 - 2))?
-9
(12 - (53 + 3 + -15)) + -10 + 10
-29
Evaluate 5 + -1 + 3 + -10 + 0.
-3
Evaluate -123 + 115 + 0 + 16 - 9 - 32.
-33
Calculate -13 - ((1 - -5 - 7 - 7) + 14).
-19
What is the value of 2 - (-1 - (-1 + -9 - -19) - -1)?
11
-9 + -1 + 0 + 12
2
-1 + 2 - (49 - (-18 - -77))
11
Calculate -9 + (5 - -4) + -5 - -19.
14
Evaluate 12 - (19 + -26 + 24).
-5
Evaluate 8 + (6 - (0 + (3 + 11 - 2))).
2
What is the value of (30 - 57 - -43) + -25 + 2?
-7
-10 - (3 + -3) - (-14 + 4 - -6)
-6
What is the value of -29 + (-10 - 8) + 35?
-12
7064 + -7094 + (-2 - -1 - -1)
-30
12 + 1 + 15 + -15
13
Calculate -1 - ((1 + -4 - -4) + (-4 - -3)).
-1
-9 - ((-20 - 1) + 1 + (-7 - 0))
18
-31 - -32 - (-3 - (-19 - -3))
-12
What is the value of -31 - (-28 + (21 - 7) - -11)?
-28
(-14 - -18) + -2 + 5 - -9
16
What is 11 + (-16 + 8 - 7)?
-4
Evaluate -4 + -3 + ((0 - -7) + -6 - -4).
-2
What is (7 - 0) + (-49 - -46)?
4
Calculate -1 - -51 - (120 - 103).
33
Evaluate -6 - ((-50 - -45) + 2 + 8 + -14).
3
Calculate 1 + 5 + 15 + (-17 - 4).
0
Evaluate (-2 - -7 - (-20 - -23)) + -16.
-14
What is the value of -7 + -19 + 6 + 40?
20
What is 1 + (-1 - -1) - (-535 + 540) - 1?
-5
What is 17 + (0 - 15 - -11)?
13
Calculate 36 + (62 - 89) - (1 + -1 - 4).
13
What is 1 - 12 - (-312 - -341) - (-8 - -2)?
-34
What is 1 - (6 + (32 - 26 - (1 + 24)))?
14
Evaluate -11 + 13 - (8 - 12).
6
What is the value of -4 + -5 + 0 - (-8 + (-8 - 8))?
15
Calculate 8 + (-7 + 2 - (10 - 5)).
-2
Calculate -11 - (-4 - (0 - (-7 + 6 + 8))).
-14
9 - 0 - (-1 - -5) - (-7 + 11)
1
Calculate (11 - 1) + 3 + 3 + -28.
-12
Calculate (23 - (-33 + 21)) + -64.
-29
22 - 0 - (792 + -753)
-17
Calculate 10 - (18 - (-10 - -22)).
4
What is 15 - (-7 + 14) - 18 - -6?
-4
What is the value of -18 - (-30 + 13) - -39?
38
Evaluate 6 - (10 + -16) - 4.
8
-7 + 8 - -3 - 9 - -13
8
Calculate -5 + 12 + 3 + -20.
-10
Evaluate -13 - (2 + 3 + -6).
-12
Evaluate 28 + -43 + (-42 - -62).
5
Evaluate (0 - (8 - 9)) + 2.
3
What is the value of 20 - (1 - -45) - 9?
-35
18 + 1 + -21 + -6 + 4
-4
What is 25 + -3 - (-79 - -79)?
22
(-6 + -33 - -52) + (1 - 2)
12
10 + 5 + -17 - (-3 + (8 - -2))
-9
What is the value of -3 - (2 + 1 + (-1 - -6) + -9)?
-2
What is -9 + (14 + -9 - (-6 - (-2 + -9)))?
-9
3 + -28 - (11 + -29)
-7
What is -1 - -7 - ((-3 - 3) + 61 + -51)?
2
(23 - 0) + 2 + (-6 - (18 - 16))
17
(-5 - -16) + 11 - 9
13
Calculate 2 - (-12 - -21 - 12).
5
Calculate (-8 - -29) + -6 - (4 + (-2 - -4)).